{"id":27313,"date":"2017-12-15T15:37:40","date_gmt":"2017-12-15T13:37:40","guid":{"rendered":"https:\/\/www.afrika.de\/blog\/?page_id=27313"},"modified":"2018-07-12T14:19:22","modified_gmt":"2018-07-12T12:19:22","slug":"la-reunion-reisetipps","status":"publish","type":"page","link":"https:\/\/www.afrika.de\/blog\/la-reunion-reisetipps\/","title":{"rendered":"La R\u00e9union Reisetipps"},"content":{"rendered":"<p><img loading=\"lazy\" decoding=\"async\" class=\"alignnone size-full wp-image-27314\" src=\"https:\/\/www.afrika.de\/blog\/wp-content\/uploads\/2017\/12\/afrika-reunion.jpg\" alt=\"La R\u00e9union Reisetipps - Iwanowski's Reise-Blog\" width=\"720\" height=\"240\" srcset=\"https:\/\/www.afrika.de\/blog\/wp-content\/uploads\/2017\/12\/afrika-reunion.jpg 720w, https:\/\/www.afrika.de\/blog\/wp-content\/uploads\/2017\/12\/afrika-reunion-300x100.jpg 300w\" sizes=\"auto, (max-width: 720px) 100vw, 720px\" \/><\/p>\n<p>Kulturelle Vielfalt auf dem indischen Ozean. Das s\u00fcdlichstes EU-Mitglied La R\u00e9union bietet Sandstr\u00e4nde, Korallenriffe, aber auch Vulkane und eine abenteuerreiche Natur. Interessante Tipps f\u00fcr Ihre Reise auf die Insel La R\u00e9union finden Sie beim Afrika-Experten Iwanowski&#8217;s.<\/p>\n\n<h2>Die neuesten Blog-Beitr\u00e4ge \u00fcber La R\u00e9union<\/h2>\n<div class=\"pt-cv-wrapper\"><div class=\"pt-cv-view pt-cv-grid pt-cv-colsys pt-cv-post-border\" id=\"pt-cv-view-eff5d261se\"><div data-id=\"pt-cv-page-1\" class=\"pt-cv-page\" data-cvc=\"3\"><div class=\"col-md-4 col-sm-6 col-xs-12 pt-cv-content-item pt-cv-1-col\"  data-pid=\"23874\"><div class='pt-cv-ifield'><a href=\"https:\/\/www.afrika.de\/blog\/la-reunion-auf-unbekannten-wegen-von-der-sud-sauvage-auf-die-vulkanebene-mit-unserer-autorin-rike-stotten-teil-3\/\" class=\"_self pt-cv-href-thumbnail pt-cv-thumb-default cvplbd\" target=\"_self\" data-wpel-link=\"internal\"><img loading=\"lazy\" decoding=\"async\" width=\"300\" height=\"240\" src=\"https:\/\/www.afrika.de\/blog\/wp-content\/uploads\/2017\/07\/IMG_4058_Titel-300x240.jpg\" class=\"pt-cv-thumbnail img-none\" alt=\"La R\u00e9union auf unbekannten Wegen \u2013 von der Sud Sauvage auf die Vulkanebene mit unserer Autorin Rike Stotten (Teil 3)\" srcset=\"https:\/\/www.afrika.de\/blog\/wp-content\/uploads\/2017\/07\/IMG_4058_Titel-300x240.jpg\" sizes=\"auto, (max-width: 240px) 100vw, 240px\" \/><\/a>\n<div class=\"pt-cv-title\"><a href=\"https:\/\/www.afrika.de\/blog\/la-reunion-auf-unbekannten-wegen-von-der-sud-sauvage-auf-die-vulkanebene-mit-unserer-autorin-rike-stotten-teil-3\/\" class=\"_self cvplbd\" target=\"_self\" data-wpel-link=\"internal\">La R\u00e9union auf unbekannten Wegen \u2013 von der Sud Sauvage auf die Vulkanebene mit unserer Autorin Rike Stotten (Teil 3)<\/a><\/div><\/div><\/div>\n<div class=\"col-md-4 col-sm-6 col-xs-12 pt-cv-content-item pt-cv-1-col\"  data-pid=\"23854\"><div class='pt-cv-ifield'><a href=\"https:\/\/www.afrika.de\/blog\/la-reunion-auf-unbekannten-wegen-von-der-sud-sauvage-auf-die-vulkanebene-mit-unserer-autorin-rike-stotten-teil-2\/\" class=\"_self pt-cv-href-thumbnail pt-cv-thumb-default cvplbd\" target=\"_self\" data-wpel-link=\"internal\"><img loading=\"lazy\" decoding=\"async\" width=\"300\" height=\"240\" src=\"https:\/\/www.afrika.de\/blog\/wp-content\/uploads\/2017\/07\/Blick-zur\u00fcck-zum-Dorf-Grand-Galet-und-den-Ozean_titel-300x240.jpg\" class=\"pt-cv-thumbnail img-none\" alt=\"La R\u00e9union auf unbekannten Wegen \u2013 von der Sud Sauvage auf die Vulkanebene mit unserer Autorin Rike Stotten (Teil 2)\" srcset=\"https:\/\/www.afrika.de\/blog\/wp-content\/uploads\/2017\/07\/Blick-zur\u00fcck-zum-Dorf-Grand-Galet-und-den-Ozean_titel-300x240.jpg\" sizes=\"auto, (max-width: 240px) 100vw, 240px\" \/><\/a>\n<div class=\"pt-cv-title\"><a href=\"https:\/\/www.afrika.de\/blog\/la-reunion-auf-unbekannten-wegen-von-der-sud-sauvage-auf-die-vulkanebene-mit-unserer-autorin-rike-stotten-teil-2\/\" class=\"_self cvplbd\" target=\"_self\" data-wpel-link=\"internal\">La R\u00e9union auf unbekannten Wegen \u2013 von der Sud Sauvage auf die Vulkanebene mit unserer Autorin Rike Stotten (Teil 2)<\/a><\/div><\/div><\/div>\n<div class=\"col-md-4 col-sm-6 col-xs-12 pt-cv-content-item pt-cv-1-col\"  data-pid=\"23819\"><div class='pt-cv-ifield'><a href=\"https:\/\/www.afrika.de\/blog\/la-reunion-auf-unbekannten-wegen-von-der-sud-sauvage-auf-die-vulkanebene-mit-unserer-autorin-rike-stotten-teil-1\/\" class=\"_self pt-cv-href-thumbnail pt-cv-thumb-default cvplbd\" target=\"_self\" data-wpel-link=\"internal\"><img loading=\"lazy\" decoding=\"async\" width=\"300\" height=\"240\" src=\"https:\/\/www.afrika.de\/blog\/wp-content\/uploads\/2017\/07\/Blick-von-der-Plaine-des-Sables-auf-das-Wolkenmeer-Richtung-Kueste_titel-300x240.jpg\" class=\"pt-cv-thumbnail img-none\" alt=\"La R\u00e9union auf unbekannten Wegen \u2013 von der Sud Sauvage auf die Vulkanebene mit unserer Autorin Rike Stotten (Teil 1)\" srcset=\"https:\/\/www.afrika.de\/blog\/wp-content\/uploads\/2017\/07\/Blick-von-der-Plaine-des-Sables-auf-das-Wolkenmeer-Richtung-Kueste_titel-300x240.jpg\" sizes=\"auto, (max-width: 240px) 100vw, 240px\" \/><\/a>\n<div class=\"pt-cv-title\"><a href=\"https:\/\/www.afrika.de\/blog\/la-reunion-auf-unbekannten-wegen-von-der-sud-sauvage-auf-die-vulkanebene-mit-unserer-autorin-rike-stotten-teil-1\/\" class=\"_self cvplbd\" target=\"_self\" data-wpel-link=\"internal\">La R\u00e9union auf unbekannten Wegen \u2013 von der Sud Sauvage auf die Vulkanebene mit unserer Autorin Rike Stotten (Teil 1)<\/a><\/div><\/div><\/div>\n<div class=\"col-md-4 col-sm-6 col-xs-12 pt-cv-content-item pt-cv-1-col\"  data-pid=\"17932\"><div class='pt-cv-ifield'><a href=\"https:\/\/www.afrika.de\/blog\/la-reunion-zwaye-noel-weihnachten-im-indischen-ozean\/\" class=\"_self pt-cv-href-thumbnail pt-cv-thumb-default cvplbd\" target=\"_self\" data-wpel-link=\"internal\"><img loading=\"lazy\" decoding=\"async\" width=\"198\" height=\"120\" src=\"https:\/\/www.afrika.de\/blog\/wp-content\/uploads\/2014\/12\/Baum-e1528296656319.jpg\" class=\"pt-cv-thumbnail img-none\" alt=\"La R\u00e9union: Zway\u00e9 No\u00e8l - Weihnachten im Indischen Ozean\" \/><\/a>\n<div class=\"pt-cv-title\"><a href=\"https:\/\/www.afrika.de\/blog\/la-reunion-zwaye-noel-weihnachten-im-indischen-ozean\/\" class=\"_self cvplbd\" target=\"_self\" data-wpel-link=\"internal\">La R\u00e9union: Zway\u00e9 No\u00e8l &#8211; Weihnachten im Indischen Ozean<\/a><\/div><\/div><\/div><\/div><\/div><\/div>\t\t\t<style type=\"text\/css\" id=\"pt-cv-inline-style-30c4b4dbc9\">#pt-cv-view-eff5d261se.pt-cv-post-border { margin: 0; border-top-width: 1px; border-left-width: 1px }\n#pt-cv-view-eff5d261se.pt-cv-post-border { margin: 0; border-top-style: solid; border-left-style: solid }\n#pt-cv-view-eff5d261se.pt-cv-post-border { margin: 0; border-top-color: #ececec; border-left-color: #ececec }\n#pt-cv-view-eff5d261se.pt-cv-post-border .pt-cv-content-item   { border-right-width: 1px; border-bottom-width: 1px; border-right-style: solid; border-bottom-style: solid; border-right-color: #ececec; border-bottom-color: #ececec; }\n#pt-cv-view-eff5d261se .pt-cv-title a, #pt-cv-view-eff5d261se  .panel-title { color: #800f19 !important; font-weight: 600 !important; }\n#pt-cv-view-eff5d261se .pt-cv-carousel-caption  { background-color: rgba(51,51,51,.6) !important; }\n#pt-cv-view-eff5d261se .pt-cv-specialp { background-color: #CC3333 !important }\n#pt-cv-view-eff5d261se .pt-cv-specialp * { color: #fff !important; }\n#pt-cv-view-eff5d261se .pt-cv-pficon  { color: #bbb !important; }\n#pt-cv-view-eff5d261se .pt-cv-readmore  { color: #ffffff !important; background-color: #00aeef !important; }\n#pt-cv-view-eff5d261se .pt-cv-readmore:hover  { color: #ffffff !important; background-color: #00aeef !important; }\n#pt-cv-view-eff5d261se  + .pt-cv-pagination-wrapper .pt-cv-more , #pt-cv-view-eff5d261se  + .pt-cv-pagination-wrapper .pagination .active a, .pt-cv-pagination[data-sid='eff5d261se'] .active a { color: #ffffff !important; background-color: #00aeef !important; }<\/style>\r\n\t\t\t\n<a class=\"standard-btn grey-btn\" href=\"https:\/\/www.afrika.de\/blog\/news\/reunion-afrika\/\" data-wpel-link=\"internal\"><span>Weitere Artikel zu R\u00e9union<\/span><\/a>\n<h2>Unsere beliebtesten La R\u00e9union-Artikel<\/h2>\n<div class=\"pt-cv-wrapper\"><div class=\"pt-cv-view pt-cv-grid pt-cv-colsys pt-cv-post-border\" id=\"pt-cv-view-1b9fd58ri3\"><div data-id=\"pt-cv-page-1\" class=\"pt-cv-page\" data-cvc=\"3\"><div class=\"col-md-4 col-sm-6 col-xs-12 pt-cv-content-item pt-cv-1-col\"  data-pid=\"17932\"><div class='pt-cv-ifield'><a href=\"https:\/\/www.afrika.de\/blog\/la-reunion-zwaye-noel-weihnachten-im-indischen-ozean\/\" class=\"_self pt-cv-href-thumbnail pt-cv-thumb-default cvplbd\" target=\"_self\" data-wpel-link=\"internal\"><img loading=\"lazy\" decoding=\"async\" width=\"198\" height=\"120\" src=\"https:\/\/www.afrika.de\/blog\/wp-content\/uploads\/2014\/12\/Baum-e1528296656319.jpg\" class=\"pt-cv-thumbnail img-none\" alt=\"La R\u00e9union: Zway\u00e9 No\u00e8l - Weihnachten im Indischen Ozean\" \/><\/a>\n<div class=\"pt-cv-title\"><a href=\"https:\/\/www.afrika.de\/blog\/la-reunion-zwaye-noel-weihnachten-im-indischen-ozean\/\" class=\"_self cvplbd\" target=\"_self\" data-wpel-link=\"internal\">La R\u00e9union: Zway\u00e9 No\u00e8l &#8211; Weihnachten im Indischen Ozean<\/a><\/div><\/div><\/div><\/div><\/div><\/div>\t\t\t<style type=\"text\/css\" id=\"pt-cv-inline-style-935b921m21\">#pt-cv-view-1b9fd58ri3.pt-cv-post-border { margin: 0; border-top-width: 1px; border-left-width: 1px }\n#pt-cv-view-1b9fd58ri3.pt-cv-post-border { margin: 0; border-top-style: solid; border-left-style: solid }\n#pt-cv-view-1b9fd58ri3.pt-cv-post-border { margin: 0; border-top-color: #ececec; border-left-color: #ececec }\n#pt-cv-view-1b9fd58ri3.pt-cv-post-border .pt-cv-content-item   { border-right-width: 1px; border-bottom-width: 1px; border-right-style: solid; border-bottom-style: solid; border-right-color: #ececec; border-bottom-color: #ececec; }\n#pt-cv-view-1b9fd58ri3 .pt-cv-title a, #pt-cv-view-1b9fd58ri3  .panel-title { color: #800f19 !important; font-weight: 600 !important; }\n#pt-cv-view-1b9fd58ri3 .pt-cv-carousel-caption  { background-color: rgba(51,51,51,.6) !important; }\n#pt-cv-view-1b9fd58ri3 .pt-cv-specialp { background-color: #CC3333 !important }\n#pt-cv-view-1b9fd58ri3 .pt-cv-specialp * { color: #fff !important; }\n#pt-cv-view-1b9fd58ri3 .pt-cv-pficon  { color: #bbb !important; }\n#pt-cv-view-1b9fd58ri3 .pt-cv-readmore  { color: #ffffff !important; background-color: #00aeef !important; }\n#pt-cv-view-1b9fd58ri3 .pt-cv-readmore:hover  { color: #ffffff !important; background-color: #00aeef !important; }\n#pt-cv-view-1b9fd58ri3  + .pt-cv-pagination-wrapper .pt-cv-more , #pt-cv-view-1b9fd58ri3  + .pt-cv-pagination-wrapper .pagination .active a, .pt-cv-pagination[data-sid='1b9fd58ri3'] .active a { color: #ffffff !important; background-color: #00aeef !important; }<\/style>\r\n\t\t\t\n<h2>Weitere Reiseziele in Afrika<\/h2>\n<p>Gerne geben wir Ihnen weitere Informationen zu einem bestimmten Thema oder Ihre&nbsp;<a href=\"https:\/\/www.afrika.de\/\" data-wpel-link=\"exclude\">Reise nach Afrika<\/a>. Wir freuen uns auf Ihre Anfrage:<\/p>\n<ul>\n<li>per Mail: info(at)afrika.de<\/li>\n<li>per Telefon: +49 (0) 2133 26030.<\/li>\n<\/ul>","protected":false},"excerpt":{"rendered":"<p>Kulturelle Vielfalt auf dem indischen Ozean. Das s\u00fcdlichstes EU-Mitglied La R\u00e9union bietet Sandstr\u00e4nde, Korallenriffe, aber auch Vulkane und eine abenteuerreiche Natur. Interessante Tipps f\u00fcr Ihre Reise auf die Insel La R\u00e9union finden Sie beim Afrika-Experten Iwanowski&#8217;s. Die neuesten Blog-Beitr\u00e4ge \u00fcber La R\u00e9union Unsere beliebtesten La&hellip; <a class=\"read-more\" href=\"https:\/\/www.afrika.de\/blog\/la-reunion-reisetipps\/\" data-wpel-link=\"internal\">Weiterlesen<\/a><\/p>\n","protected":false},"author":307,"featured_media":0,"parent":0,"menu_order":0,"comment_status":"closed","ping_status":"closed","template":"","meta":{"footnotes":""},"class_list":["post-27313","page","type-page","status-publish","hentry"],"_links":{"self":[{"href":"https:\/\/www.afrika.de\/blog\/wp-json\/wp\/v2\/pages\/27313","targetHints":{"allow":["GET"]}}],"collection":[{"href":"https:\/\/www.afrika.de\/blog\/wp-json\/wp\/v2\/pages"}],"about":[{"href":"https:\/\/www.afrika.de\/blog\/wp-json\/wp\/v2\/types\/page"}],"author":[{"embeddable":true,"href":"https:\/\/www.afrika.de\/blog\/wp-json\/wp\/v2\/users\/307"}],"replies":[{"embeddable":true,"href":"https:\/\/www.afrika.de\/blog\/wp-json\/wp\/v2\/comments?post=27313"}],"version-history":[{"count":11,"href":"https:\/\/www.afrika.de\/blog\/wp-json\/wp\/v2\/pages\/27313\/revisions"}],"predecessor-version":[{"id":27436,"href":"https:\/\/www.afrika.de\/blog\/wp-json\/wp\/v2\/pages\/27313\/revisions\/27436"}],"wp:attachment":[{"href":"https:\/\/www.afrika.de\/blog\/wp-json\/wp\/v2\/media?parent=27313"}],"curies":[{"name":"wp","href":"https:\/\/api.w.org\/{rel}","templated":true}]}}